e greatest common factor of 36 and j.
12
Suppose 0 = 26*m - 69*m + 860. Suppose 62 = 42*b + m. Calculate the highest common divisor of b and 8.
1
Suppose -22188 = -64*o + 11860. Calculate the highest common factor of o and 126.
14
Let n = -19 + 41. Let l = n - -4. What is the greatest common factor of 130 and l?
26
Suppose 216*y - 13485 = 213*y + 3*u, 3*u - 4519 = -y. Calculate the highest common divisor of y and 7.
7
Let r(w) = -51*w**2 + 33 - 13*w**3 + 24*w**3 + 32*w - 10*w**3 + 18*w**2. Let i be r(32). Let a = 30 + -19. Calculate the highest common divisor of i and a.
11
Suppose -16*y - 7*y + 2990 = 3*y. What is the greatest common divisor of y and 161?
23
Let d be 1088/(-14)*-2*84/48. What is the greatest common factor of 748 and d?
68
Suppose b + 3*z + 0 - 4 = 0, -b - 4*z + 4 = 0. Suppose -2*x + 196 = b*l, 0 = -2*l + 3*l + 5. Calculate the highest common factor of x and 27.
27
Let m be (182/8)/((-32)/(-128)). Calculate the highest common divisor of 3029 and m.
13
Let q = 71 - 65. Suppose 21 = d + q*d. Suppose -180 = -m + 5*v, -412 = -2*m + d*v - 6*v. What is the highest common factor of 25 and m?
25
Suppose -5*n = 3*x - 426, -280 = -3*x + x - 2*n. Suppose -5*t + x = -98. What is the greatest common factor of 94 and t?
47
Let a = 0 + 31. Suppose -5*r = 3*z - 208, -88 - 118 = -5*r - z. Suppose -r = -k + 238. What is the greatest common divisor of a and k?
31
Let w(t) = 2 - 6*t**2 - 3*t**3 + t**2 - 16 - 8*t**2 + 4*t + 5*t. Let r be w(-6). Calculate the highest common factor of 14 and r.
14
Let k = 20619 + -20613. Suppose -4*m - 16 = 0, 3*m - 4*m - 1468 = -4*b. What is the greatest common factor of b and k?
6
Let g be (-1 + 1032/(-30))*-5. Let f = g + -134. Calculate the highest common divisor of f and 473.
43
Suppose 5175 = 139*s - 94*s. Suppose 115 = -3*n - 2*n. Let h be (n/4)/(2/(-8)). What is the highest common divisor of s and h?
23
Suppose 3*m + 145*k - 142*k - 1134 = 0, -4*m - 2*k + 1516 = 0. Calculate the highest common divisor of m and 30.
10
Let y = 13 + 12. Let m(d) = -d**2 - 151*d + 3330. Let j be m(19). What is the highest common divisor of j and y?
25
Let i = 1259 + -1145. Suppose -3*x - y - 2*y - 15 = 0, -4*y = -4*x + 20. Suppose 15*a - 9*a - i = x. Calculate the greatest common factor of 171 and a.
19
Suppose -41*l + 50*l - 387 = 0. Suppose 3*z - 5*h = l, 3 - 37 = -2*z - 2*h. What is the greatest common factor of z and 176?
16
Let u(o) = 9*o**2 - 7*o - 8. Let z be u(7). Let q = -112460 + 112484. Calculate the highest common factor of z and q.
24
Let r = -1419 - -2395. Calculate the highest common divisor of 32 and r.
16
Let n = 612 + -428. Let q = -142 + n. Let z = q + -15. What is the highest common factor of 270 and z?
27
Let d = 78 + -54. Let r = -16456 + 16558. Calculate the greatest common factor of d and r.
6
Let m(d) = -14*d + 145. Let v be m(-3). What is the greatest common factor of v and 595?
17
Let y(r) = r**3 + 6*r**2 + 5. Let l be y(-6). Let z = 8 - l. Let x be 3288/216 - -2*(-1)/9. Calculate the greatest common divisor of z and x.
3
Let m(p) = -14*p - 22. Suppose 11 = -5*u + h, -3*u + 10*h - 11 = 5*h. Let o be m(u). Calculate the highest common divisor of 6 and o.
6
Suppose 0 = 3*d - 4*v - 228, 13*v = -4*d + 11*v + 282. Let t be (9*d)/9 + 0 + 4. What is the greatest common divisor of 8 and t?
4
Suppose -n - 330 = -12*n. Suppose 128 = -n*p + 34*p. Let k(i) = -i + 8. Let f be k(0). What is the highest common factor of f and p?
8
Suppose 0 = -2*u + 4*g + 16, 2*g + 8 = -2*u - 2*g. Let c(n) = 6*n**2 + 15*n - 2. Let l be c(u). Calculate the greatest common divisor of 13 and l.
13
Let g be (364/39)/(-7)*6 - (1 - 32). What is the greatest common factor of g and 2944?
23
Let t = -6100 - -6174. Calculate the highest common divisor of 17834 and t.
74
Let m = 356 + -240. Suppose 2*l - m = -l + n, 0 = 3*l + 2*n - 101. Let x = 94 + 91. What is the greatest common factor of l and x?
37
Let m = 57 - 12. Let s = 45 - m. Suppose 2*l - 78 = -s*l. What is the highest common factor of 13 and l?
13
Let o(a) be the first derivative of a**2/2 + 10*a - 30. Let f be o(4). What is the highest common divisor of 35 and f?
7
Let a be 148/(-3)*(-17550)/468. Calculate the highest common factor of a and 37.
37
Suppose -10 + 6 = -2*w. Let q = 897 - 892. What is the highest common divisor of w and q?
1
Let s be 27/18*(-2 - (-996)/9). Suppose -s*z + 315 = -158*z. Suppose 0 - 28 = -4*t. Calculate the highest common divisor of t and z.
7
Let s be (-3)/(-9)*(8 + -2). Let u be (-16)/(-3)*(0 + 33). Let g be (u - s)/(3/2). What is the highest common factor of g and 29?
29
Let s = 1842 + -1560. Calculate the greatest common divisor of s and 168.
6
Let z be (-2 + (-35)/(-10))*(3 - (-5 - 124)). What is the greatest common divisor of z and 297?
99
Let l = 112 - 160. Let d be 13*18/4*l/(-9). What is the highest common factor of 52 and d?
52
Let x be (-7 - -12)*(-76)/(-20). Suppose -245 + 1442 = x*s. Let g(p) = -p**2 + 6*p + 4. Let n be g(5). What is the greatest common factor of s and n?
9
Let m = -3835 + 5860. What is the greatest common factor of m and 18?
9
Let y = 8434 + -4014. What is the highest common divisor of y and 476?
68
Let b(v) = v**2 - 4*v - 6. Let o be b(6). Let h be (-14)/(-56) - (915/12)/5. Let u = h - -18. Calculate the greatest common divisor of o and u.
3
Let o = -242 + 133. Let w be (-1 - 104 - -2)/(2 - (-4)/(-4)). Let q = w - o. Calculate the greatest common divisor of 2 and q.
2
Let v be (369/(-6) + 13)*-16. What is the greatest common factor of v and 8?
8
Let z(v) = -4*v - 60. Let x be z(-12). Let c be x/1*1*(-105)/45. Calculate the highest common divisor of c and 126.
14
Let i(n) = 8*n + 15. Suppose -2*u + 4*m = -32, -u - u = 4*m + 8. Let x be i(u). Let h = x - 42. Calculate the greatest common divisor of h and 14.
7
Let n(t) = -40*t + 7635. Let l be n(141). Calculate the highest common divisor of l and 912.
57
Let n(p) be the first derivative of -p**4/2 + 17*p**3/3 + 9*p**2/2 + p - 167. Let d be n(9). Calculate the greatest common factor of d and 67.
1
Suppose 0 = 304*b + 71*b - 69000. What is the greatest common factor of b and 4301?
23
Let k(n) = n**3 - 82*n**2 - 78*n + 1166. Let a be k(83). What is the greatest common divisor of 153 and a?
51
Let h be (42/35)/((-6)/(-50)). Let q be 30/h*(-5)/(-3). Suppose -2*s + q*t + 26 = 0, -s + 5*t + 14 = 1. What is the highest common factor of 52 and s?
13
Let w be 20/(-15) - (-455)/(-3). Let z = -125 - w. Let p(x) = -29*x - 6. Let n be p(-6). Calculate the greatest common divisor of n and z.
28
Let s be ((36/108)/((-4)/6))/(3/(-1728)). Calculate the highest common factor of s and 261.
9
Let k(a) = 2*a + 32. Let s(o) = -o**2 + 9*o - 9. Let c be s(2). Let l be k(c). Calculate the greatest common factor of 63 and l.
21
Let g = -23410 + 23474. What is the greatest common divisor of 2160 and g?
16
Let n be 10/(-4)*(-242)/11. Let h = n - 56. Let p(y) = -8*y - 5. Let m be p(h). Calculate the highest common divisor of 24 and m.
3
Let d = 361 - 191. Suppose -d = -31*l + 326. Let t = -63 - -271. What is the greatest common divisor of t and l?
16
Suppose -353 = 10*l - 2223. Calculate the highest common divisor of l and 2431.
187
Let j(x) = -218*x + 1066. Let o be j(-5). Calculate the highest common divisor of o and 88.
44
Let q = 12 - 5. Suppose 13 = 2*h - q. Suppose -305 = -3*z - 5*i, -18*z + 4*i = -13*z - 570. What is the greatest common factor of z and h?
10
Let h = -518 - -521. Suppose h*q = 30*q - 2457. Calculate the greatest common divisor of q and 28.
7
Suppose 0 = -10*m - 4*m + 3906. Let r = m + -255. Calculate the highest common divisor of r and 54.
6
Suppose -49 = -3*x - 16. Let u(j) = -j**2 + 197*j - 8810. Let f be u(128). Calculate the greatest common factor of f and x.
11
Suppose 3*c - 4*i - 41 = -330, 0 = -2*c + 2*i - 190. Let l be (7 - 0)*1482/c. Let p = l + 126. What is the greatest common factor of 48 and p?
12
Suppose -4*k + 2546 = 5*l, -4*k = -116*l + 119*l - 1526. Let y be 32 - -1 - (0 + 3 + 0). What is the greatest common divisor of l and y?
30
Let s = 25450 + -25279. Calculate the greatest common factor of s and 8037.
171
Suppose z + 4*z - 3*r = -139, -145 = 5*z - 5*r. Let m = z - -134. Let t be (m/(-24))/(2/(-8)). Calculate the highest common divisor of t and 90.
18
Let p = 